{"id":1838138,"date":"2023-10-07T07:55:01","date_gmt":"2023-10-07T07:55:01","guid":{"rendered":"https:\/\/blog.nicolasderauglaudre.net\/?page_id=1838138"},"modified":"2024-08-23T08:39:15","modified_gmt":"2024-08-23T08:39:15","slug":"musique","status":"publish","type":"page","link":"https:\/\/blog.nicolasderauglaudre.net\/?page_id=1838138","title":{"rendered":"Musique"},"content":{"rendered":"\n<p class=\"has-text-align-center has-text-color has-background has-medium-font-size\" style=\"color:#f6e275;background-color:#f95300;text-transform:uppercase\"><strong>La musique est mon langage premier.<\/strong><\/p>\n\n\n\n<div class=\"wp-block-media-text is-stacked-on-mobile has-background\" style=\"background:linear-gradient(343deg,rgb(243,246,249) 0%,rgb(249,83,0) 70%);grid-template-columns:42% auto\"><figure class=\"wp-block-media-text__media\"><img loading=\"lazy\" decoding=\"async\" width=\"480\" height=\"360\" src=\"https:\/\/blog.nicolasderauglaudre.net\/wp-content\/uploads\/2015\/06\/piano-aliciadelarrocha.jpeg\" alt=\"\" class=\"wp-image-971 size-full\" srcset=\"https:\/\/blog.nicolasderauglaudre.net\/wp-content\/uploads\/2015\/06\/piano-aliciadelarrocha.jpeg 480w, https:\/\/blog.nicolasderauglaudre.net\/wp-content\/uploads\/2015\/06\/piano-aliciadelarrocha-300x225.jpeg 300w, https:\/\/blog.nicolasderauglaudre.net\/wp-content\/uploads\/2015\/06\/piano-aliciadelarrocha-400x300.jpeg 400w\" sizes=\"auto, (max-width: 480px) 100vw, 480px\" \/><\/figure><div class=\"wp-block-media-text__content\">\n<p class=\"has-text-color has-background\" style=\"color:#fafe00;background-color:#187429\">Elle permet d&rsquo;exprimer en m\u00eame temps la vie du corps, les \u00e9motions et l&rsquo;intellect&#8230; et d&rsquo;une certaine mani\u00e8re, la musique nous fait communier \u00e0 l&rsquo;histoire et \u00e0 la communaut\u00e9 (par exemple, chanter dans une chorale ou jouer dans un orchestre).<\/p>\n\n\n\n<ul class=\"wp-block-list\">\n<li>Je suis pianiste, m\u00e9diocre mais passionn\u00e9.<\/li>\n\n\n\n<li>Dans ce menu, je mettrai de temps en temps des vid\u00e9os de spectacles auxquels j&rsquo;ai particip\u00e9 ou assist\u00e9.<\/li>\n<\/ul>\n\n\n\n<p>Il y a peu d&rsquo;articles sur la musique dans le blog pr\u00e9sent. En voici un qui, en tout cas, donnera une id\u00e9e de mes go\u00fbts :<\/p>\n<p><a href=\"https:\/\/blog.nicolasderauglaudre.net\/?p=1269261\">Berlioz, Debussy et Michel Onfray<\/a><\/p>\n<\/div><\/div>\n","protected":false},"excerpt":{"rendered":"<p>La musique est mon langage premier.<\/p>\n","protected":false},"author":1,"featured_media":0,"parent":0,"menu_order":0,"comment_status":"closed","ping_status":"closed","template":"","meta":{"footnotes":""},"class_list":["post-1838138","page","type-page","status-publish","hentry"],"_links":{"self":[{"href":"https:\/\/blog.nicolasderauglaudre.net\/index.php?rest_route=\/wp\/v2\/pages\/1838138","targetHints":{"allow":["GET"]}}],"collection":[{"href":"https:\/\/blog.nicolasderauglaudre.net\/index.php?rest_route=\/wp\/v2\/pages"}],"about":[{"href":"https:\/\/blog.nicolasderauglaudre.net\/index.php?rest_route=\/wp\/v2\/types\/page"}],"author":[{"embeddable":true,"href":"https:\/\/blog.nicolasderauglaudre.net\/index.php?rest_route=\/wp\/v2\/users\/1"}],"replies":[{"embeddable":true,"href":"https:\/\/blog.nicolasderauglaudre.net\/index.php?rest_route=%2Fwp%2Fv2%2Fcomments&post=1838138"}],"version-history":[{"count":2,"href":"https:\/\/blog.nicolasderauglaudre.net\/index.php?rest_route=\/wp\/v2\/pages\/1838138\/revisions"}],"predecessor-version":[{"id":1838600,"href":"https:\/\/blog.nicolasderauglaudre.net\/index.php?rest_route=\/wp\/v2\/pages\/1838138\/revisions\/1838600"}],"wp:attachment":[{"href":"https:\/\/blog.nicolasderauglaudre.net\/index.php?rest_route=%2Fwp%2Fv2%2Fmedia&parent=1838138"}],"curies":[{"name":"wp","href":"https:\/\/api.w.org\/{rel}","templated":true}]}}